 23917679 a prime number?
True
Is 597209 composite?
False
Is 46013039 a prime number?
True
Is 551118133 composite?
False
Is 1912135 a composite number?
True
Is 379747417 a prime number?
False
Is 139403053 a composite number?
False
Is 2013797 composite?
True
Is 7855061 a composite number?
False
Is 47082943 a composite number?
False
Is 343320251 a prime number?
True
Is 22363717 composite?
True
Is 39375157 prime?
True
Is 1072039 a composite number?
False
Is 36344939 composite?
False
Is 124847999 a composite number?
False
Is 24010991 prime?
False
Is 292325001 a prime number?
False
Is 8565233 a prime number?
False
Is 31378115 composite?
True
Is 125035031 a composite number?
True
Is 34579283 composite?
True
Is 8881273 a prime number?
True
Is 38275382 prime?
False
Is 1821437 prime?
False
Is 855781 a composite number?
False
Is 1071023 composite?
False
Is 1710059 a composite number?
True
Is 20363731 prime?
True
Is 2502967 a prime number?
False
Is 6808223 a prime number?
True
Is 56616649 prime?
True
Is 63029147 a composite number?
True
Is 108120191 prime?
True
Is 26058293 prime?
False
Is 16952069 prime?
True
Is 30245197 composite?
True
Is 2400703 a prime number?
True
Is 5527537 composite?
True
Is 133009 composite?
True
Is 72424411 a prime number?
True
Is 555622631 composite?
False
Is 5665111 a prime number?
False
Is 282281 composite?
False
Is 5436037 composite?
True
Is 62365307 a composite number?
False
Is 198609119 prime?
True
Is 5856073 a composite number?
False
Is 1743949 composite?
True
Is 98663051 composite?
True
Is 15169199 composite?
True
Is 739548937 a prime number?
True
Is 26122907 a prime number?
True
Is 7380235 prime?
False
Is 868919 a prime number?
False
Is 35342767 prime?
True
Is 88127621 a prime number?
True
Is 2690341 a composite number?
True
Is 289987 composite?
False
Is 67605683 prime?
False
Is 94013863 a composite number?
False
Is 728881 a composite number?
False
Is 10065431 a prime number?
True
Is 73847 composite?
False
Is 118028567 a prime number?
True
Is 664426109 a composite number?
False
Is 30687113 a prime number?
True
Is 151347109 composite?
False
Is 42767311 a prime number?
False
Is 541338199 a prime number?
True
Is 56402977 prime?
True
Is 28321169 a prime number?
False
Is 33403 prime?
True
Is 5464967 a prime number?
True
Is 20194277 composite?
False
Is 254344451 composite?
False
Is 19832809 a composite number?
True
Is 1417391 a composite number?
True
Is 2089823 composite?
True
Is 117600317 a composite number?
False
Is 801461599 composite?
False
Is 3439529 prime?
True
Is 1943819 composite?
False
Is 1103023 composite?
True
Is 42180757 a prime number?
False
Is 369423917 prime?
False
Is 14919703 composite?
True
Is 32644697 a composite number?
True
Is 81768163 composite?
False
Is 140458247 composite?
True
Is 5828293 a composite number?
True
Is 5589607 a prime number?
False
Is 86491 prime?
True
Is 51009023 composite?
True
Is 352830991 a composite number?
False
Is 546965605 a composite number?
True
Is 2267333 prime?
False
Is 5548087 a composite number?
False
Is 102757019 composite?
False
Is 7673327 composite?
False
Is 150675547 composite?
True
Is 4329733 a composite number?
False
Is 47382331 a composite number?
False
Is 15061679 a composite number?
True
Is 1744151 prime?
True
Is 660109 a prime number?
False
Is 286717 a prime number?
False
Is 11172593 composite?
False
Is 3599327 a composite number?
False
Is 205976941 a composite number?
True
Is 62187137 prime?
False
Is 5453603 prime?
True
Is 149210339 composite?
False
Is 93654443 a composite number?
False
Is 209378581 a prime number?
False
Is 178285243 a prime number?
False
Is 46675697 composite?
True
Is 320461 a composite number?
True
Is 5961689 a prime number?
True
Is 97759 prime?
False
Is 38282278 composite?
True
Is 10783379 a composite number?
True
Is 8127386 prime?
False
Is 87831193 a prime number?
True
Is 1790923 composite?
True
Is 543239 prime?
False
Is 7159787 a composite number?
False
Is 261135047 prime?
True
Is 5283689 a prime number?
False
Is 1092173 a prime number?
True
Is 288077 prime?
True
Is 93588134 a composite number?
True
Is 8442283 a prime number?
False
Is 25508179 a composite number?
False
Is 370907101 a prime number?
True
Is 19599179 a composite number?
False
Is 6383723 a prime number?
False
Is 367802921 a prime number?
True
Is 907883 prime?
False
Is 31426987 prime?
True
Is 484951 composite?
False
Is 751026443 composite?
True
Is 180841301 composite?
False
Is 1691987 a prime number?
False
Is 25740257 a prime number?
True
Is 30601201 a composite number?
True
Is 13943291 a prime number?
True
Is 18684283 a composite number?
False
Is 14186647 a prime number?
False
Is 263357 a prime number?
False
Is 3691273 a prime number?
True
Is 37803653 a prime number?
True
Is 93113653 prime?
True
Is 64067219 prime?
True
Is 2467459 composite?
False
Is 36588479 prime?
True
Is 30930491 a composite number?
True
Is 35667073 prime?
False
Is 11239807 composite?
False
Is 343984639 prime?
False
Is 15136603 a prime number?
True
Is 152169 composite?
True
Is 59467 composite?
False
Is 2314043 a prime number?
True
Is 9782873 a prime number?
True
Is 65360397 composite?
True
Is 12819641 a composite number?
False
Is 26654441 prime?
False
Is 40202021 a prime number?
True
Is 11831917 a prime number?
True
Is 34610557 prime?
True
Is 120634139 a prime number?
False
Is 8275742 prime?
False
Is 1213937 composite?
True
Is 326099803 a prime number?
False
Is 1015517 a prime number?
True
Is 25327249 a composite number?
False
Is 26759507 composite?
False
Is 4994461 a prime number?
True
Is 69029623 prime?
False
Is 17584001 prime?
False
Is 433813 a composite number?
False
Is 17095479 composite?
True
Is 18215323 composite?
True
Is 4318729 a composite number?
False
Is 176033543 a prime number?
False
Is 9913406 a composite number?
True
Is 1020077 prime?
True
Is 3929693 a prime number?
False
Is 22305733 a composite number?
False
Is 9249481 a prime number?
True
Is 8765399 composite?
True
Is 1223863 prime?
True
Is 18051031 prime?
True
Is 5225777 prime?
True
Is 16937353 a composite number?
False
Is 96672929 a prime number?
False
Is 12484139 a prime number?
True
Is 27481213 a prime number?
True
Is 175567261 composite?
True
Is 7615537 a prime number?
False
Is 399871 composite?
False
Is 1740989 prime?
False
Is 108373579 a composite number?
False
Is 148233749 a composite number?
False
Is 1306493 prime?
False
Is 331171141 a prime number?
False
Is 2872451 a composite number?
False
Is 100195343 prime?
True
Is 75048542 composite?
True
Is 785053 prime?
True
Is 5078573 a prime number?
True
Is 42835313 a composite number?
False
Is 37357 prime?
True
Is 5896711 composite?
False
Is 396961 a composite number?
True
Is 314014817 composite?
True
Is 210503465 a prime number?
False
Is 7676293 composite?
False
Is 8779139 prime?
True
Is 8706197 a prime number?
True
Is 16818671 a prime number?
True
Is 13953851 composite?
False
Is 179071 composite?
True
Is 241118653 a prime number?
False
Is 259693427 a prime number?
False
Is 1468717 composite?
False
Is 59485847 composite?
True
Is 3851213 a composite number?
False
Is 24349445 a composite number?
True
Is 2483843 prime?
False
Is 85913647 a composite number?
False
Is 5880783 prime?
False
Is 15820333 a prime number?
False
Is 1175641 a prime number?
False
Is 10396481 a composite number?
False
Is 2025169 a composite number?
False
Is 1462654 prime?
False
Is 1584059 a composite number?
False
Is 3515977 prime?
True
Is 3402269 composite?
True
Is 628253 a composite number?
True
Is 6842131 prime?
True
Is 18560543 a prime number?
False
Is 1280137 a prime number?
False
Is 7957951 composite?
False
Is 3595217 prime?
False
Is 23857297 a composite number?
False
Is 185275019 a composite number?
False
Is 2659997 a composite number?
True
Is 4896043 a prime number?
False
Is 3498847 composite?
True
Is 305751 a composite number?
True
Is 886669013 composite?
False
Is 40780171 composite?
False
Is 1551554 a composite number?
True
Is 2722483 a prime number?
False
Is 547037 composite?
False
Is 81800933 a composite number?
False
Is 4318487 composite?
False
Is 150305537 a prime number?
True
Is 8279743 prime?
True
Is 3457631 composite?
False
Is 1049782421 prime?
False
Is 2165483 a prime number?
True
Is 24994187 composite?